236?
231
In base 3, what is -11011020 - 11?
-11011101
In base 15, what is -74 + -6?
-7a
In base 9, what is 128 + 11?
140
In base 6, what is -253 - -24?
-225
In base 7, what is -5 + 2413?
2405
In base 9, what is 4 - 711?
-706
In base 8, what is 6 + -2330?
-2322
In base 15, what is -1b + -17?
-33
In base 15, what is -2 + 4a?
48
In base 12, what is -a92 + -3?
-a95
In base 16, what is 13b - 4?
137
In base 7, what is -53 - -2?
-51
In base 16, what is 30 + -7?
29
In base 8, what is -14 + 12?
-2
In base 10, what is -116 - 2?
-118
In base 15, what is c8e - 0?
c8e
In base 16, what is f - -112?
121
In base 8, what is 0 + 45?
45
In base 13, what is 1 - a08?
-a07
In base 5, what is 34240 - 4?
34231
In base 8, what is -112 + -4?
-116
In base 3, what is 1111 - -111001?
112112
In base 14, what is 4 - -44?
48
In base 4, what is -102200 - -1?
-102133
In base 14, what is 0 - -415?
415
In base 5, what is 4211 - -1?
4212
In base 2, what is -100010000111 + -11?
-100010001010
In base 2, what is 0 + -10?
-10
In base 8, what is 233 - -12?
245
In base 11, what is -4a3 - 3?
-4a6
In base 9, what is -3 - -1?
-2
In base 2, what is -1111111100 + 1?
-1111111011
In base 13, what is -162 - 1a?
-17c
In base 12, what is -17 + 3?
-14
In base 12, what is 444 + 8?
450
In base 2, what is 10100110000 + 10000?
10101000000
In base 13, what is 8 + 6c?
77
In base 13, what is -10 - -4b?
3b
In base 8, what is -4 + 1430?
1424
In base 10, what is 874 + -4?
870
In base 8, what is -25331 - 3?
-25334
In base 10, what is -2519 + 2?
-2517
In base 14, what is 119 - 4?
115
In base 9, what is 5 - -621?
626
In base 10, what is -301 - -2?
-299
In base 16, what is fc - 3?
f9
In base 12, what is 6 - 138?
-132
In base 11, what is -80 - -4a?
-31
In base 16, what is 38 + -7?
31
In base 9, what is 4 + -131?
-126
In base 15, what is -21 - d?
-2e
In base 14, what is 5 - -15?
1a
In base 8, what is 132 - -4?
136
In base 10, what is 8638 + 5?
8643
In base 11, what is -5a22 - 3?
-5a25
In base 13, what is b2 + -13?
9c
In base 9, what is 0 - -44?
44
In base 10, what is 220 - 2?
218
In base 8, what is 2322 - -4?
2326
In base 9, what is 1317 + 2?
1320
In base 16, what is 4b0 + -5?
4ab
In base 6, what is 4 + -2?
2
In base 6, what is 53 - -3154?
3251
In base 12, what is 1 + 2769?
276a
In base 2, what is 1110111 + 101001?
10100000
In base 11, what is -77 - -5?
-72
In base 8, what is -3 + -401?
-404
In base 10, what is -27 - -5?
-22
In base 4, what is -233023 + 11?
-233012
In base 13, what is -3 - 63?
-66
In base 7, what is 3 + 1321?
1324
In base 9, what is -1 + -36?
-37
In base 5, what is -23 + 101?
23
In base 14, what is -1 - 2722?
-2723
In base 7, what is 63350 - 3?
63344
In base 13, what is 37 + 9?
43
In base 8, what is 31 - -463?
514
In base 4, what is 1 - -21222?
21223
In base 13, what is 190a - -1?
190b
In base 3, what is -1 + 102022010?
102022002
In base 14, what is d0 + -1?
cd
In base 5, what is 1002 + 10?
1012
In base 7, what is -216 - -6?
-210
In base 12, what is 5 - 978?
-973
In base 7, what is 4 + -2?
2
In base 14, what is -2 + 23?
21
In base 3, what is -12 + 2?
-10
In base 5, what is 101112 + 4?
101121
In base 12, what is -4 - -705?
701
In base 16, what is 6 - -b0?
b6
In base 13, what is -265b - 0?
-265b
In base 13, what is 73 - b?
65
In base 12, what is -5 - 48a9?
-48b2
In base 14, what is 238 + -a?
22c
In base 9, what is -6 - -2404?
2387
In base 8, what is 511 - 0?
511
In base 6, what is -54 - -1?
-53
In base 7, what is 10 - -103?
113
In base 3, what is 10 - -11020?
11100
In base 10, what is -4 - 150?
-154
In base 11, what is 2 + -60a?
-608
In base 15, what is -42 + 1?
-41
In base 10, what is 20091 + -3?
20088
In base 6, what is 1053 - -1?
1054
In base 15, what is 10 + -21b?
-20b
In base 11, what is 4 - -5?
9
In base 5, what is 3 + -11112?
-11104
In base 5, what is 2 + 410?
412
In base 6, what is 1411 + -5?
1402
In base 16, what is -20 + da?
ba
In base 15, what is 0 + d3e?
d3e
In base 10, what is -128 - -6?
-122
In base 7, what is -53 + -4?
-60
In base 9, what is 118 + -4?
114
In base 9, what is -3 + -364?
-367
In base 7, what is -4 - -120?
113
In base 10, what is -1 - 6?
-7
In base 9, what is -186 - -1?
-185
In base 8, what is 57 + 0?
57
In base 8, what is 6 - -1?
7
In base 12, what is -14 - -41?
29
In base 5, what is -3 + 342?
334
In base 12, what is 37 + 0?
37
In base 8, what is 1035 + -2?
1033
In base 3, what is 1 - 10112012?
-10112011
In base 2, what is -1000110010001 - 100?
-1000110010101
In base 6, what is 5035 + 3?
5042
In base 3, what is 11 + -11120?
-11102
In base 2, what is -10010001 + -111?
-10011000
In base 16, what is -9 + -1b?
-24
In base 9, what is -5 - 44?
-50
In base 4, what is 11 + 2?
13
In base 15, what is -5 + -3d1?
-3d6
In base 5, what is -1323 - -3?
-1320
In base 10, what is -1 + -73?
-74
In base 8, what is 1 - 71?
-70
In base 7, what is -345 + -2?
-350
In base 4, what is 223 + -231?
-2
In base 7, what is 15 - -462?
510
In base 11, what is 47 - 5?
42
In base 5, what is -31 - 4?
-40
In base 2, what is 1010 - -110?
10000
In base 10, what is 152 + -7?
145
In base 6, what is -13331 - -1?
-13330
In base 13, what is 68 + 1?
69
In base 9, what is -4 + 288?
284
In base 16, what is -1 - -5?
4
In base 13, what is 4c - 5?
47
In base 8, what is 21 + 42?
63
In base 8, what is 5 + -5?
0
In base 15, what is d - 0?
d
In base 16, what is -f + -1?
-10
In base 4, what is -223 + 2?
-221
In base 13, what is 0 + -cc?
-cc
In base 7, what is 1 + 125?
126
In base 16, what is 374 - 2?
372
In base 11, what is -5 + -42?
-47
In base 11, what is -118 + 3?
-115
In base 3, what is -1020 + 121?
-122
In base 8, what is 675 - 0?
675
In base 12, what is 6 + -23?
-19
In base 6, what is 123 - 310?
-143
In base 10, what is 56 + 12?
68
In base 8, what is -146 - 1?
-147
In base 8, what is 160 + 57?
237
In base 3, what is 101 - 1202?
-1101
In base 13, what is 7 + 31?
38
In base 9, what is 117 + 4?
122
In base 16, what is 5 - 2?
3
In base 11, what is 1 - -276a?
2770
In base 13, what is 25 + -a?
18
In base 6, what is 4 - 52?
-44
In base 11, what is 6 + 75?
80
In base 8, what is 4 - 41?
-35
In base 11, what is 205 + -5?
200
In base 2, what is 1110101100 + 1?
1110101101
In base 11, what is -5567 + 2?
-5565
In base 16, what is b - -1?
c
In base 8, what is 3232 - -4?
3236
In base 11, what is -1a - 5?
-24
In base 3, what is -11 - 212110?
-212121
In base 3, what is 122 - -21122?
22021
In base 13, what is -ac + 19?
-93
In base 14, what is 1 - 152a?
-1529
In base 2, what is -111111 - 1001000?
-10000111
In base 5, what is 43 + -20?
23
In base 2, what is -11110 + 10?
-11100
In base 11, what is -76 - -2?
-74
In base 8, what is -2 - 0?
-2
In base 16, what is -3 - 6d?
-70
In base 6, what is 11 + -3?
4
In base 11, what is -8 - 9?
-16
In base 12, what is 142 - 2?
140
In base 14, what is 1 - -4a?
4b
In base 6, what is 12 + 2424?
2440
In base 8, what is 11 - -25?
36
In base 12, what is -64 - 19?
-81
In base 11, what is -1079 + -5?
-1083
In base 13, what is 1a + 60?
7a
In base 13, what is c - -c55?
c64
In base 9, what is -1 + 368?
367
In base 13, what is -408 + 6?
-402
In base 5, what is 2303 - 42?
2211
In base 13, what is 131 - 2?
12c
In base 9, what is -104 + 5?
-88
In base 12, what is 10 + ba?
10a
In base 12, what is -9b6 - 11?
-a07
In base 6, what is -213 + -114?
-331
In base 9, what is -15 + 851?
835
In base 7, what is 3 - 135?
-132
In base 2, what is -111 - -10000100110?
10000011111
In base 6, what is 315 + 52?
411
In base 16, what is 115 - 5?
110
In base 14, what is -3 - -92?
8d
In base 2, what is -101100 + 1000110111?
1000001011
In base 16, what is -2b + -3?
-2e
In base 14, what is 156 - -15?
16b
In base 8, what is 32 + -3?
27
In base 14, what is 4 + -44c?
-448
In base 9, what is -5 - -2246?
2241
In base 5, what is -10 + -112?
-122
In base 7, what is 3 - -4013?
4016
In base 2, what is -11010 + -1010?
-100100
In base 14, what is 2 + -1cd7?
-1cd5
In base 14, what is -4 - 26?
-2a
In base 3, what is -1 + -22212?
-22220
In base 13, what is 1 + -1c?
-1b
In base 7, what is -15 + 215?
200
In base 6, what is 42 - 1102?
-1020
In base 16, what is 25 - 19?
c
In base 6, what is -11213 + 5?
-11204
In base 4, what is -301220 - -11?
-301203
In base 3, what is -1 - 211?
-212
In base 7, what is 14 - 133?
-116
In base 13, what is -18 + 14?
-4
In ba